{"id":131,"date":"2020-02-27T20:13:27","date_gmt":"2020-02-27T20:13:27","guid":{"rendered":"https:\/\/benjaminescalonilla.info\/LaDeliciaDeLosJardines\/?page_id=131"},"modified":"2024-01-13T11:35:53","modified_gmt":"2024-01-13T11:35:53","slug":"volvi-al-cuadro","status":"publish","type":"page","link":"https:\/\/benjaminescalonilla.info\/LaDeliciaDeLosJardines\/volvi-al-cuadro\/","title":{"rendered":"Volv\u00ed al cuadro"},"content":{"rendered":"\n<p class=\"has-text-align-center\">&#8211; Cap\u00edtulo 04 \/ 21 &#8211;<br>&lt; <a href=\"https:\/\/benjaminescalonilla.info\/LaDeliciaDeLosJardines\/quien-soy-yo\/\">cap\u00edtulo 03<\/a> | <a href=\"https:\/\/benjaminescalonilla.info\/LaDeliciaDeLosJardines\/capitulo-3\/\">cap\u00edtulo siguiente<\/a> &gt;<\/p>\n\n\n\n<div style=\"height:31px\" aria-hidden=\"true\" class=\"wp-block-spacer\"><\/div>\n\n\n\n<div class=\"wp-block-group alignfull has-background\" style=\"background-color:#f9d439\"><div class=\"wp-block-group__inner-container is-layout-flow wp-block-group-is-layout-flow\">\n<p class=\"has-drop-cap\">Un a\u00f1o despu\u00e9s de aquel primer encuentro volv\u00ed al cuadro, tambi\u00e9n con mi madre, pero esta vez acompa\u00f1ados de su grupo de arte en torno a una gu\u00eda bajita; iban a museos y exposiciones los mi\u00e9rcoles, creo recordar. Les acompa\u00f1\u00e9 unas cuantas veces al Prado \u2014salt\u00e1ndome clase o en d\u00edas de fiesta\u2014 donde la gu\u00eda bajita nos habl\u00f3 de las lanzas, las meninas, los fusilamientos, el descendimiento de Van Der Weyden. Y del Bosco.<\/p>\n\n\n\n<p class=\"has-drop-cap\">Delante de El jard\u00edn habl\u00f3 diferente. No sabr\u00eda decir por qu\u00e9, pero estaba claro que en los otros cuadros encontraba una mayor ret\u00f3rica y se dejaba sabidur\u00eda en el tintero; le faltaba tiempo. Por el contrario, en El jard\u00edn, su dedo se\u00f1alaba las tres partes del tr\u00edptico sin detenerse en detalles como en Vel\u00e1zquez o Goya; se agarraba a adjetivos superlativos y al anecdotario pero no analizaba la danza, los hechos, las criaturas, no analizaba su figuraci\u00f3n, su ruptura, su intenci\u00f3n, la de cada una de aquella lluvia de escenas. Delante de las delicias fantasiosas no supo hablarnos de la mirada del pintor ni desvelarnos su juego. <\/p>\n\n\n\n<p class=\"has-drop-cap\">Su risa, la del Bosco, qued\u00f3 oculta al otro lado del tiempo.&nbsp; <\/p>\n\n\n\n<figure class=\"wp-block-image size-full\"><img loading=\"lazy\" decoding=\"async\" width=\"396\" height=\"592\" src=\"https:\/\/benjaminescalonilla.info\/LaDeliciaDeLosJardines\/wp-content\/uploads\/2020\/02\/04_cap_def-1.png\" alt=\"cap\u00edtulo 4\" class=\"wp-image-148\" srcset=\"https:\/\/benjaminescalonilla.info\/LaDeliciaDeLosJardines\/wp-content\/uploads\/2020\/02\/04_cap_def-1.png 396w, https:\/\/benjaminescalonilla.info\/LaDeliciaDeLosJardines\/wp-content\/uploads\/2020\/02\/04_cap_def-1-201x300.png 201w\" sizes=\"auto, (max-width: 396px) 100vw, 396px\" \/><\/figure>\n<\/div><\/div>\n\n\n\n<div class=\"wp-block-group alignfull has-background\" style=\"background-color:#ffffff\"><div class=\"wp-block-group__inner-container is-layout-flow wp-block-group-is-layout-flow\">\n<div class=\"wp-block-group has-background\" style=\"background-color:#ffffff\"><div class=\"wp-block-group__inner-container is-layout-flow wp-block-group-is-layout-flow\">\n<p class=\"has-drop-cap\"><strong>En cuanto al anecdotario que despleg\u00f3 la gu\u00eda\u2026<\/strong><br>recuerdo una en concreto. Si ya me sorprend\u00eda estar con mi madre frente una especie de org\u00eda fetichista \u2014ella tan p\u00fadica, mi familia tan religiosa\u2014, me paraliz\u00f3 el coraz\u00f3n el hecho de que El jard\u00edn fuese la pasi\u00f3n oculta de un rey hiperreligioso y austero como Felipe II. Era el colmo de lo inexplicable. En su lecho de muerte mand\u00f3 traerlo a sus aposentos, y  cerca de fenecer uno no est\u00e1 para frivolidades. \u00bfQu\u00e9 ve\u00eda Felipe en el cuadro? Desde luego algo m\u00e1s que una org\u00eda y una representaci\u00f3n moraloide. Quiz\u00e1 un agujero al m\u00e1s all\u00e1.&nbsp;<\/p>\n\n\n\n<p><em> \u00bfC\u00f3mo se explica lo desconocido?<\/em><\/p>\n<\/div><\/div>\n<\/div><\/div>\n\n\n\n<figure class=\"wp-block-embed is-type-video is-provider-vimeo wp-block-embed-vimeo wp-embed-aspect-16-9 wp-has-aspect-ratio\"><div class=\"wp-block-embed__wrapper\">\n<iframe loading=\"lazy\" title=\"SPECULUM - PARADISE - A contemporary interpretation of The Garden of Earthly Delights\" src=\"https:\/\/player.vimeo.com\/video\/191632804?dnt=1&amp;app_id=122963\" width=\"580\" height=\"326\" frameborder=\"0\" allow=\"autoplay; fullscreen; picture-in-picture; clipboard-write\"><\/iframe>\n<\/div><\/figure>\n\n\n\n<p class=\"has-drop-cap\">Yo era un peque\u00f1o individuo en un mar de individuos, un ni\u00f1o com\u00fan sin particularidades; pero no era impresionable y El jard\u00edn me hab\u00eda impresionado \u2014profundamente\u2014 aunque despu\u00e9s de aquella segunda visita siguiese sin saber decir porqu\u00e9; supuse, como hice con tantos otros temas, que comprender\u00eda al hacerme mayor.&nbsp;<\/p>\n\n\n\n<p>Me equivoqu\u00e9. Ya soy mayor y:<\/p>\n\n\n\n<h2 class=\"wp-block-heading\">En el cuadro sigo sin ver figuras, veo inc\u00f3gnitas.<\/h2>\n\n\n\n<div class=\"wp-block-button\"><a class=\"wp-block-button__link wp-element-button\" href=\"https:\/\/benjaminescalonilla.info\/LaDeliciaDeLosJardines\/capitulo-3\/\">cap\u00edtulo siguiente<\/a><\/div>\n","protected":false},"excerpt":{"rendered":"<p>&#8211; Cap\u00edtulo 04 \/ 21 &#8211;&lt; cap\u00edtulo 03 | cap\u00edtulo siguiente &gt; Un a\u00f1o despu\u00e9s de aquel primer encuentro volv\u00ed al cuadro, tambi\u00e9n con mi madre, pero esta vez acompa\u00f1ados de su grupo de arte en torno a una gu\u00eda bajita; iban a museos y exposiciones los mi\u00e9rcoles, creo recordar. Les acompa\u00f1\u00e9 unas cuantas veces [&hellip;]<\/p>\n","protected":false},"author":1,"featured_media":0,"parent":0,"menu_order":0,"comment_status":"closed","ping_status":"closed","template":"","meta":{"footnotes":""},"class_list":["post-131","page","type-page","status-publish","hentry"],"_links":{"self":[{"href":"https:\/\/benjaminescalonilla.info\/LaDeliciaDeLosJardines\/wp-json\/wp\/v2\/pages\/131","targetHints":{"allow":["GET"]}}],"collection":[{"href":"https:\/\/benjaminescalonilla.info\/LaDeliciaDeLosJardines\/wp-json\/wp\/v2\/pages"}],"about":[{"href":"https:\/\/benjaminescalonilla.info\/LaDeliciaDeLosJardines\/wp-json\/wp\/v2\/types\/page"}],"author":[{"embeddable":true,"href":"https:\/\/benjaminescalonilla.info\/LaDeliciaDeLosJardines\/wp-json\/wp\/v2\/users\/1"}],"replies":[{"embeddable":true,"href":"https:\/\/benjaminescalonilla.info\/LaDeliciaDeLosJardines\/wp-json\/wp\/v2\/comments?post=131"}],"version-history":[{"count":59,"href":"https:\/\/benjaminescalonilla.info\/LaDeliciaDeLosJardines\/wp-json\/wp\/v2\/pages\/131\/revisions"}],"predecessor-version":[{"id":1573,"href":"https:\/\/benjaminescalonilla.info\/LaDeliciaDeLosJardines\/wp-json\/wp\/v2\/pages\/131\/revisions\/1573"}],"wp:attachment":[{"href":"https:\/\/benjaminescalonilla.info\/LaDeliciaDeLosJardines\/wp-json\/wp\/v2\/media?parent=131"}],"curies":[{"name":"wp","href":"https:\/\/api.w.org\/{rel}","templated":true}]}}

Volví al cuadro

<p class="has-text-align-center">&#8211; Capítulo 04 / 21 &#8211;<br>&lt; <a href="https://benjaminescalonilla.info/LaDeliciaDeLosJardines/quien-soy-yo/">capítulo 03</a> | <a href="https://benjaminescalonilla.info/LaDeliciaDeLosJardines/capitulo-3/">capítulo siguiente</a> &gt;</p>



<div style="height:31px" aria-hidden="true" class="wp-block-spacer"></div>



<div class="wp-block-group alignfull has-background" style="background-color:#f9d439"><div class="wp-block-group__inner-container is-layout-flow wp-block-group-is-layout-flow">
<p class="has-drop-cap">Un año después de aquel primer encuentro volví al cuadro, también con mi madre, pero esta vez acompañados de su grupo de arte en torno a una guía bajita; iban a museos y exposiciones los miércoles, creo recordar. Les acompañé unas cuantas veces al Prado —saltándome clase o en días de fiesta— donde la guía bajita nos habló de las lanzas, las meninas, los fusilamientos, el descendimiento de Van Der Weyden. Y del Bosco.</p>



<p class="has-drop-cap">Delante de El jardín habló diferente. No sabría decir por qué, pero estaba claro que en los otros cuadros encontraba una mayor retórica y se dejaba sabiduría en el tintero; le faltaba tiempo. Por el contrario, en El jardín, su dedo señalaba las tres partes del tríptico sin detenerse en detalles como en Velázquez o Goya; se agarraba a adjetivos superlativos y al anecdotario pero no analizaba la danza, los hechos, las criaturas, no analizaba su figuración, su ruptura, su intención, la de cada una de aquella lluvia de escenas. Delante de las delicias fantasiosas no supo hablarnos de la mirada del pintor ni desvelarnos su juego. </p>



<p class="has-drop-cap">Su risa, la del Bosco, quedó oculta al otro lado del tiempo.&nbsp; </p>



<figure class="wp-block-image size-full"><img loading="lazy" decoding="async" width="396" height="592" src="https://benjaminescalonilla.info/LaDeliciaDeLosJardines/wp-content/uploads/2020/02/04_cap_def-1.png" alt="capítulo 4" class="wp-image-148" srcset="https://benjaminescalonilla.info/LaDeliciaDeLosJardines/wp-content/uploads/2020/02/04_cap_def-1.png 396w, https://benjaminescalonilla.info/LaDeliciaDeLosJardines/wp-content/uploads/2020/02/04_cap_def-1-201x300.png 201w" sizes="auto, (max-width: 396px) 100vw, 396px" /></figure>
</div></div>



<div class="wp-block-group alignfull has-background" style="background-color:#ffffff"><div class="wp-block-group__inner-container is-layout-flow wp-block-group-is-layout-flow">
<div class="wp-block-group has-background" style="background-color:#ffffff"><div class="wp-block-group__inner-container is-layout-flow wp-block-group-is-layout-flow">
<p class="has-drop-cap"><strong>En cuanto al anecdotario que desplegó la guía…</strong><br>recuerdo una en concreto. Si ya me sorprendía estar con mi madre frente una especie de orgía fetichista —ella tan púdica, mi familia tan religiosa—, me paralizó el corazón el hecho de que El jardín fuese la pasión oculta de un rey hiperreligioso y austero como Felipe II. Era el colmo de lo inexplicable. En su lecho de muerte mandó traerlo a sus aposentos, y  cerca de fenecer uno no está para frivolidades. ¿Qué veía Felipe en el cuadro? Desde luego algo más que una orgía y una representación moraloide. Quizá un agujero al más allá.&nbsp;</p>



<p><em> ¿Cómo se explica lo desconocido?</em></p>
</div></div>
</div></div>



<figure class="wp-block-embed is-type-video is-provider-vimeo wp-block-embed-vimeo wp-embed-aspect-16-9 wp-has-aspect-ratio"><div class="wp-block-embed__wrapper">
<iframe loading="lazy" title="SPECULUM - PARADISE - A contemporary interpretation of The Garden of Earthly Delights" src="https://player.vimeo.com/video/191632804?dnt=1&amp;app_id=122963" width="580" height="326" frameborder="0" allow="autoplay; fullscreen; picture-in-picture; clipboard-write"></iframe>
</div></figure>



<p class="has-drop-cap">Yo era un pequeño individuo en un mar de individuos, un niño común sin particularidades; pero no era impresionable y El jardín me había impresionado —profundamente— aunque después de aquella segunda visita siguiese sin saber decir porqué; supuse, como hice con tantos otros temas, que comprendería al hacerme mayor.&nbsp;</p>



<p>Me equivoqué. Ya soy mayor y:</p>



<h2 class="wp-block-heading">En el cuadro sigo sin ver figuras, veo incógnitas.</h2>



<div class="wp-block-button"><a class="wp-block-button__link wp-element-button" href="https://benjaminescalonilla.info/LaDeliciaDeLosJardines/capitulo-3/">capítulo siguiente</a></div>

<p>&#8211; Capítulo 04 / 21 &#8211;&lt; capítulo 03 | capítulo siguiente &gt; Un año después de aquel primer encuentro volví al cuadro, también con mi madre, pero esta vez acompañados de su grupo de arte en torno a una guía bajita; iban a museos y exposiciones los miércoles, creo recordar. Les acompañé unas cuantas veces [&hellip;]</p>
