{"id":168,"date":"2020-03-08T10:24:54","date_gmt":"2020-03-08T10:24:54","guid":{"rendered":"https:\/\/benjaminescalonilla.info\/LaDeliciaDeLosJardines\/?page_id=168"},"modified":"2021-05-07T20:48:08","modified_gmt":"2021-05-07T20:48:08","slug":"capitulo-3","status":"publish","type":"page","link":"https:\/\/benjaminescalonilla.info\/LaDeliciaDeLosJardines\/capitulo-3\/","title":{"rendered":"Pero, \u00bfqui\u00e9n soy?"},"content":{"rendered":"\n<p class=\"has-text-align-center\">\u2013 Cap\u00edtulo 3 (bv) \/ 21 \u2013<br>&lt; <a href=\"https:\/\/benjaminescalonilla.info\/LaDeliciaDeLosJardines\/volvi-al-cuadro\/\">cap\u00edtulo anterior<\/a> | <a href=\"https:\/\/benjaminescalonilla.info\/LaDeliciaDeLosJardines\/sobre-fondo-morado\/\">cap\u00edtulo siguiente<\/a> &gt;<\/p>\n\n\n\n<p>S\u00ed, ya s\u00e9, hubo otro cap\u00edtulo tres, pero qued\u00f3 enigm\u00e1tico en demas\u00eda \u2014por no decir soso, fr\u00edvolo\u2014 y a ti, lector, quiero serte claro. Volvamos a aquella pregunta, reescribamos el cap\u00edtulo 3:<\/p>\n\n\n\n<h2 class=\"has-text-align-center wp-block-heading\">\u00bfQui\u00e9n soy yo?<\/h2>\n\n\n\n<p>La respuesta no la tengo, es cierto, as\u00ed que estoy cerca de desperdiciar otro cap\u00edtulo 3, pero en fin, hagamos algo, intent\u00e9moslo por otro \u00e1ngulo, moldeemos la pregunta: <\/p>\n\n\n\n<h2 class=\"has-text-align-center wp-block-heading\">\u00bfQui\u00e9n soy frente al cuadro? <\/h2>\n\n\n\n<p class=\"has-background\" style=\"background-color:#ffffff\"><strong>Mi respuesta:<\/strong><br>Dir\u00eda que soy el personaje con el que juego delante de esta consola (que es el cuadro del Bosco). Un juego sin final que me cambia en funci\u00f3n de la imaginer\u00eda que (me) genera.<\/p>\n\n\n\n<p class=\"has-background\" style=\"background-color:#ffffff\">El cuadro es un medio. Cuando estoy delante de \u00e9l y luego, cuando lo recuerdo, juega mi imaginaci\u00f3n, se pone a morder orejas de caucho. <\/p>\n\n\n\n<p class=\"has-drop-cap has-background\" style=\"background-color:#ffffff\">Frente al cuadro estoy dentro del cuadro.<br>Dentro del jard\u00edn cambio y muto <s>en ese imaginar<\/s>. Soy personaje y parte y vuelo sobre peces, me ba\u00f1o en lo desconocido, creo imposibles y creo en improbables.<\/p>\n\n\n\n<div class=\"wp-block-image\"><figure class=\"aligncenter size-full is-resized\"><img loading=\"lazy\" decoding=\"async\" src=\"https:\/\/benjaminescalonilla.info\/LaDeliciaDeLosJardines\/wp-content\/uploads\/2020\/03\/03_2_Las_Delicias_pixel-1.png\" alt=\"\" class=\"wp-image-178\" width=\"554\" height=\"1369\" srcset=\"https:\/\/benjaminescalonilla.info\/LaDeliciaDeLosJardines\/wp-content\/uploads\/2020\/03\/03_2_Las_Delicias_pixel-1.png 554w, https:\/\/benjaminescalonilla.info\/LaDeliciaDeLosJardines\/wp-content\/uploads\/2020\/03\/03_2_Las_Delicias_pixel-1-121x300.png 121w, https:\/\/benjaminescalonilla.info\/LaDeliciaDeLosJardines\/wp-content\/uploads\/2020\/03\/03_2_Las_Delicias_pixel-1-414x1024.png 414w\" sizes=\"auto, (max-width: 554px) 100vw, 554px\" \/><\/figure><\/div>\n\n\n\n<div class=\"wp-block-button\"><a class=\"wp-block-button__link\" href=\"https:\/\/benjaminescalonilla.info\/LaDeliciaDeLosJardines\/sobre-fondo-morado\/\">Cap\u00edtulo 4 (bv)<\/a><\/div>\n\n\n\n<div style=\"height:100px\" aria-hidden=\"true\" class=\"wp-block-spacer\"><\/div>\n\n\n\n<p style=\"font-size:16px\">(ay, si me viese el Boris Vian (bv) de <em>Vercoquin y el plancton<\/em> repitiendo cap\u00edtulos).<\/p>\n","protected":false},"excerpt":{"rendered":"<p>\u2013 Cap\u00edtulo 3 (bv) \/ 21 \u2013&lt; cap\u00edtulo anterior | cap\u00edtulo siguiente &gt; S\u00ed, ya s\u00e9, hubo otro cap\u00edtulo tres, pero qued\u00f3 enigm\u00e1tico en demas\u00eda \u2014por no decir soso, fr\u00edvolo\u2014 y a ti, lector, quiero serte claro. Volvamos a aquella pregunta, reescribamos el cap\u00edtulo 3: \u00bfQui\u00e9n soy yo? La respuesta no la tengo, es cierto, [&hellip;]<\/p>\n","protected":false},"author":1,"featured_media":0,"parent":0,"menu_order":0,"comment_status":"closed","ping_status":"closed","template":"","meta":{"footnotes":""},"class_list":["post-168","page","type-page","status-publish","hentry"],"_links":{"self":[{"href":"https:\/\/benjaminescalonilla.info\/LaDeliciaDeLosJardines\/wp-json\/wp\/v2\/pages\/168","targetHints":{"allow":["GET"]}}],"collection":[{"href":"https:\/\/benjaminescalonilla.info\/LaDeliciaDeLosJardines\/wp-json\/wp\/v2\/pages"}],"about":[{"href":"https:\/\/benjaminescalonilla.info\/LaDeliciaDeLosJardines\/wp-json\/wp\/v2\/types\/page"}],"author":[{"embeddable":true,"href":"https:\/\/benjaminescalonilla.info\/LaDeliciaDeLosJardines\/wp-json\/wp\/v2\/users\/1"}],"replies":[{"embeddable":true,"href":"https:\/\/benjaminescalonilla.info\/LaDeliciaDeLosJardines\/wp-json\/wp\/v2\/comments?post=168"}],"version-history":[{"count":32,"href":"https:\/\/benjaminescalonilla.info\/LaDeliciaDeLosJardines\/wp-json\/wp\/v2\/pages\/168\/revisions"}],"predecessor-version":[{"id":1483,"href":"https:\/\/benjaminescalonilla.info\/LaDeliciaDeLosJardines\/wp-json\/wp\/v2\/pages\/168\/revisions\/1483"}],"wp:attachment":[{"href":"https:\/\/benjaminescalonilla.info\/LaDeliciaDeLosJardines\/wp-json\/wp\/v2\/media?parent=168"}],"curies":[{"name":"wp","href":"https:\/\/api.w.org\/{rel}","templated":true}]}}