{"id":184,"date":"2020-03-17T19:09:20","date_gmt":"2020-03-17T19:09:20","guid":{"rendered":"https:\/\/benjaminescalonilla.info\/LaDeliciaDeLosJardines\/?page_id=184"},"modified":"2025-04-18T10:58:22","modified_gmt":"2025-04-18T10:58:22","slug":"la-chica-de-piel-morena","status":"publish","type":"page","link":"https:\/\/benjaminescalonilla.info\/LaDeliciaDeLosJardines\/la-chica-de-piel-morena\/","title":{"rendered":"La chica de piel morena"},"content":{"rendered":"\n<p class=\"has-text-align-center\">&#8211; Cap\u00edtulo 05 \/ 21 &#8211;<br>&lt; <a href=\"https:\/\/benjaminescalonilla.info\/LaDeliciaDeLosJardines\/sobre-fondo-morado\/\">cap\u00edtulo anterior<\/a> | <a href=\"https:\/\/benjaminescalonilla.info\/LaDeliciaDeLosJardines\/ave-y-corbata\/\">cap\u00edtulo 06<\/a> &gt;<\/p>\n\n\n\n<div class=\"wp-block-group alignfull has-background\" style=\"background-color:#f9d439\"><div class=\"wp-block-group__inner-container is-layout-flow wp-block-group-is-layout-flow\">\n<p class=\"has-drop-cap\">Pas\u00e9 tiempo sentado en mi silla blandita e imaginada hasta que sin darme cuenta me encontr\u00e9 adolescente perdido. Con hormonadas y descomunales ganas de ligar visit\u00e9 el cuadro por tercera vez (primera sin mi madre). Vi con pasmo que el cuadro se hab\u00eda movido por dentro. Las escenas, los bichejos, la masa de gente estaban a otra cosa, a una sola cosa; todo me pareci\u00f3 sexo muy duro, placer, cr\u00edtica y pasi\u00f3n por el sexo. Sexo bizarro, sexo zo\u00f3filo&#8230; Me sobrepas\u00f3. Yo, que solo buscaba acariciar una mejilla, sentir otros labios en los m\u00edos; yo que me conformaba con el delicioso roce del pantal\u00f3n mientras bailaba abrazado Lobo hombre en Par\u00eds. Me pareci\u00f3 un cuadro de pop pornogr\u00e1fico exagerado y para iniciados, yo que era ne\u00f3fito, que era menos que eso.<\/p>\n\n\n\n<h2 class=\"wp-block-heading\">De repente: Una chica de piel morena en la sala. <\/h2>\n\n\n\n<p class=\"has-drop-cap\">Aquel verano del 86 yo escuchaba una y otra y otra vez en mis WalkMan o en mi cabeza o en el recuerdo que tengo de entonces, y tambi\u00e9n dentro de aquella sala del museo del Prado: la canci\u00f3n <em>Tomorrow Started<\/em>. Talk Talk la toc\u00f3 una de aquellas noches como si me conociesen, como si quisiesen gritar con voz sedosa mis sentimientos y los de tantos otros que nos ahog\u00e1bamos en esa desaz\u00f3n levitadora de la necesidad del enamoramiento:  <\/p>\n\n\n\n<figure class=\"wp-block-video\"><video height=\"360\" style=\"aspect-ratio: 480 \/ 360;\" width=\"480\" controls poster=\"https:\/\/benjaminescalonilla.info\/LaDeliciaDeLosJardines\/wp-content\/uploads\/2025\/04\/Talk-Talk-poster.jpg\" src=\"https:\/\/benjaminescalonilla.info\/LaDeliciaDeLosJardines\/wp-content\/uploads\/2025\/04\/Talk-Talk-Tomorrow-Started-Live-at-Montreux.mp4\"><\/video><figcaption class=\"wp-element-caption\"><em>Talk Talk, Montreux Jazz Festival (11.06.1986)<\/em>. <a href=\"https:\/\/www.youtube.com\/watch?v=OcA8C38311A\">Ver en YouTube<\/a>.<\/figcaption><\/figure>\n\n\n\n<p class=\"has-drop-cap\">Y entonces desapareci\u00f3 el ox\u00edgeno: aquella chica de piel morena, aquella chica de piel morena en la sala 56 del Museo, sus p\u00f3mulos levantados (\u00bfescuch\u00e1is a Talk Talk manteniendo la levitaci\u00f3n?); aquella chica pareci\u00f3 que me sonre\u00eda. \u00bfMe sonri\u00f3? La chica morena \u2014casi dudo de su existencia\u2014, sonre\u00eda en mi direcci\u00f3n, no en la del cuadro. Como si le gustase mi cara o mi ropa o los minutos que dedicaba al Bosco, como si las escenas del jard\u00edn la hubiesen inspirado en afrodos\u00edaca conjunci\u00f3n.<\/p>\n\n\n\n<p>Y yo tembl\u00e9.<\/p>\n\n\n\n<p>Y la magia naci\u00f3 desde dentro y sent\u00ed cosquillas en la nariz, estornud\u00e9 y me dop\u00e9 de m\u00ed mismo, de mi propia ilusi\u00f3n, del combustible de las sonrisas y la imaginaci\u00f3n y de sensaciones para las que no se han inventado palabras ni definiciones y por eso, simb\u00f3licamente, me siento incapaz de poner (a este p\u00e1rrafo) el punto final<\/p>\n\n\n\n<figure class=\"wp-block-image size-large\"><img loading=\"lazy\" decoding=\"async\" width=\"258\" height=\"1024\" src=\"https:\/\/benjaminescalonilla.info\/LaDeliciaDeLosJardines\/wp-content\/uploads\/2020\/04\/04_borisVianB-258x1024.png\" alt=\"cap\u00edtulo 5\" class=\"wp-image-255\" srcset=\"https:\/\/benjaminescalonilla.info\/LaDeliciaDeLosJardines\/wp-content\/uploads\/2020\/04\/04_borisVianB-258x1024.png 258w, https:\/\/benjaminescalonilla.info\/LaDeliciaDeLosJardines\/wp-content\/uploads\/2020\/04\/04_borisVianB.png 360w\" sizes=\"auto, (max-width: 258px) 100vw, 258px\" \/><\/figure>\n\n\n\n<h2 class=\"wp-block-heading\">\u00bfExisti\u00f3 la chica de piel morena?<\/h2>\n\n\n\n<h4 class=\"wp-block-heading\">Delante de El jard\u00edn de las delicias, \u00bfme sonri\u00f3?<\/h4>\n<\/div><\/div>\n\n\n\n<div style=\"height:100px\" aria-hidden=\"true\" class=\"wp-block-spacer\"><\/div>\n\n\n\n<p class=\"has-drop-cap\">La combinaci\u00f3n chica &#8211; cuadro pornogr\u00e1fico me produjo una profunda impresi\u00f3n durante meses, a\u00f1os; rememor\u00e9 el cuadro a menudo, de forma indefinida, confusa; sin retener ninguna figura ni escena en particular, sino la masa general del tr\u00edptico, que volv\u00eda a m\u00ed con fuerza y me impactaba como una bola de engranaje. Podr\u00eda decirse que el tr\u00edptico y la chica de piel morena fueron el decorado de mi confusa adolescencia<a href=\"https:\/\/benjaminescalonilla.info\/LaDeliciaDeLosJardines\/wp-content\/uploads\/2021\/05\/chica-de-la-piel-morena-real.jpg\">.<\/a><\/p>\n\n\n\n<div class=\"wp-block-button\"><a class=\"wp-block-button__link wp-element-button\" href=\"https:\/\/benjaminescalonilla.info\/LaDeliciaDeLosJardines\/ave-y-corbata\/\">CAP\u00cdTULO 06<\/a><\/div>\n","protected":false},"excerpt":{"rendered":"<p>&#8211; Cap\u00edtulo 05 \/ 21 &#8211;&lt; cap\u00edtulo anterior | cap\u00edtulo 06 &gt; Pas\u00e9 tiempo sentado en mi silla blandita e imaginada hasta que sin darme cuenta me encontr\u00e9 adolescente perdido. Con hormonadas y descomunales ganas de ligar visit\u00e9 el cuadro por tercera vez (primera sin mi madre). Vi con pasmo que el cuadro se hab\u00eda [&hellip;]<\/p>\n","protected":false},"author":1,"featured_media":0,"parent":0,"menu_order":0,"comment_status":"closed","ping_status":"closed","template":"","meta":{"footnotes":""},"class_list":["post-184","page","type-page","status-publish","hentry"],"_links":{"self":[{"href":"https:\/\/benjaminescalonilla.info\/LaDeliciaDeLosJardines\/wp-json\/wp\/v2\/pages\/184","targetHints":{"allow":["GET"]}}],"collection":[{"href":"https:\/\/benjaminescalonilla.info\/LaDeliciaDeLosJardines\/wp-json\/wp\/v2\/pages"}],"about":[{"href":"https:\/\/benjaminescalonilla.info\/LaDeliciaDeLosJardines\/wp-json\/wp\/v2\/types\/page"}],"author":[{"embeddable":true,"href":"https:\/\/benjaminescalonilla.info\/LaDeliciaDeLosJardines\/wp-json\/wp\/v2\/users\/1"}],"replies":[{"embeddable":true,"href":"https:\/\/benjaminescalonilla.info\/LaDeliciaDeLosJardines\/wp-json\/wp\/v2\/comments?post=184"}],"version-history":[{"count":41,"href":"https:\/\/benjaminescalonilla.info\/LaDeliciaDeLosJardines\/wp-json\/wp\/v2\/pages\/184\/revisions"}],"predecessor-version":[{"id":1589,"href":"https:\/\/benjaminescalonilla.info\/LaDeliciaDeLosJardines\/wp-json\/wp\/v2\/pages\/184\/revisions\/1589"}],"wp:attachment":[{"href":"https:\/\/benjaminescalonilla.info\/LaDeliciaDeLosJardines\/wp-json\/wp\/v2\/media?parent=184"}],"curies":[{"name":"wp","href":"https:\/\/api.w.org\/{rel}","templated":true}]}}

<p class="has-text-align-center">&#8211; Capítulo 05 / 21 &#8211;<br>&lt; <a href="https://benjaminescalonilla.info/LaDeliciaDeLosJardines/sobre-fondo-morado/">capítulo anterior</a> | <a href="https://benjaminescalonilla.info/LaDeliciaDeLosJardines/ave-y-corbata/">capítulo 06</a> &gt;</p>



<div class="wp-block-group alignfull has-background" style="background-color:#f9d439"><div class="wp-block-group__inner-container is-layout-flow wp-block-group-is-layout-flow">
<p class="has-drop-cap">Pasé tiempo sentado en mi silla blandita e imaginada hasta que sin darme cuenta me encontré adolescente perdido. Con hormonadas y descomunales ganas de ligar visité el cuadro por tercera vez (primera sin mi madre). Vi con pasmo que el cuadro se había movido por dentro. Las escenas, los bichejos, la masa de gente estaban a otra cosa, a una sola cosa; todo me pareció sexo muy duro, placer, crítica y pasión por el sexo. Sexo bizarro, sexo zoófilo&#8230; Me sobrepasó. Yo, que solo buscaba acariciar una mejilla, sentir otros labios en los míos; yo que me conformaba con el delicioso roce del pantalón mientras bailaba abrazado Lobo hombre en París. Me pareció un cuadro de pop pornográfico exagerado y para iniciados, yo que era neófito, que era menos que eso.</p>



<h2 class="wp-block-heading">De repente: Una chica de piel morena en la sala. </h2>



<p class="has-drop-cap">Aquel verano del 86 yo escuchaba una y otra y otra vez en mis WalkMan o en mi cabeza o en el recuerdo que tengo de entonces, y también dentro de aquella sala del museo del Prado: la canción <em>Tomorrow Started</em>. Talk Talk la tocó una de aquellas noches como si me conociesen, como si quisiesen gritar con voz sedosa mis sentimientos y los de tantos otros que nos ahogábamos en esa desazón levitadora de la necesidad del enamoramiento:  </p>



<figure class="wp-block-video"><video height="360" style="aspect-ratio: 480 / 360;" width="480" controls poster="https://benjaminescalonilla.info/LaDeliciaDeLosJardines/wp-content/uploads/2025/04/Talk-Talk-poster.jpg" src="https://benjaminescalonilla.info/LaDeliciaDeLosJardines/wp-content/uploads/2025/04/Talk-Talk-Tomorrow-Started-Live-at-Montreux.mp4"></video><figcaption class="wp-element-caption"><em>Talk Talk, Montreux Jazz Festival (11.06.1986)</em>. <a href="https://www.youtube.com/watch?v=OcA8C38311A">Ver en YouTube</a>.</figcaption></figure>



<p class="has-drop-cap">Y entonces desapareció el oxígeno: aquella chica de piel morena, aquella chica de piel morena en la sala 56 del Museo, sus pómulos levantados (¿escucháis a Talk Talk manteniendo la levitación?); aquella chica pareció que me sonreía. ¿Me sonrió? La chica morena —casi dudo de su existencia—, sonreía en mi dirección, no en la del cuadro. Como si le gustase mi cara o mi ropa o los minutos que dedicaba al Bosco, como si las escenas del jardín la hubiesen inspirado en afrodosíaca conjunción.</p>



<p>Y yo temblé.</p>



<p>Y la magia nació desde dentro y sentí cosquillas en la nariz, estornudé y me dopé de mí mismo, de mi propia ilusión, del combustible de las sonrisas y la imaginación y de sensaciones para las que no se han inventado palabras ni definiciones y por eso, simbólicamente, me siento incapaz de poner (a este párrafo) el punto final</p>



<figure class="wp-block-image size-large"><img loading="lazy" decoding="async" width="258" height="1024" src="https://benjaminescalonilla.info/LaDeliciaDeLosJardines/wp-content/uploads/2020/04/04_borisVianB-258x1024.png" alt="capítulo 5" class="wp-image-255" srcset="https://benjaminescalonilla.info/LaDeliciaDeLosJardines/wp-content/uploads/2020/04/04_borisVianB-258x1024.png 258w, https://benjaminescalonilla.info/LaDeliciaDeLosJardines/wp-content/uploads/2020/04/04_borisVianB.png 360w" sizes="auto, (max-width: 258px) 100vw, 258px" /></figure>



<h2 class="wp-block-heading">¿Existió la chica de piel morena?</h2>



<h4 class="wp-block-heading">Delante de El jardín de las delicias, ¿me sonrió?</h4>
</div></div>



<div style="height:100px" aria-hidden="true" class="wp-block-spacer"></div>



<p class="has-drop-cap">La combinación chica &#8211; cuadro pornográfico me produjo una profunda impresión durante meses, años; rememoré el cuadro a menudo, de forma indefinida, confusa; sin retener ninguna figura ni escena en particular, sino la masa general del tríptico, que volvía a mí con fuerza y me impactaba como una bola de engranaje. Podría decirse que el tríptico y la chica de piel morena fueron el decorado de mi confusa adolescencia<a href="https://benjaminescalonilla.info/LaDeliciaDeLosJardines/wp-content/uploads/2021/05/chica-de-la-piel-morena-real.jpg">.</a></p>



<div class="wp-block-button"><a class="wp-block-button__link wp-element-button" href="https://benjaminescalonilla.info/LaDeliciaDeLosJardines/ave-y-corbata/">CAPÍTULO 06</a></div>

<p>&#8211; Capítulo 05 / 21 &#8211;&lt; capítulo anterior | capítulo 06 &gt; Pasé tiempo sentado en mi silla blandita e imaginada hasta que sin darme cuenta me encontré adolescente perdido. Con hormonadas y descomunales ganas de ligar visité el cuadro por tercera vez (primera sin mi madre). Vi con pasmo que el cuadro se había [&hellip;]</p>
