{"id":257,"date":"2020-04-22T16:34:58","date_gmt":"2020-04-22T16:34:58","guid":{"rendered":"https:\/\/benjaminescalonilla.info\/LaDeliciaDeLosJardines\/?page_id=257"},"modified":"2021-05-07T21:24:10","modified_gmt":"2021-05-07T21:24:10","slug":"ave-y-corbata","status":"publish","type":"page","link":"https:\/\/benjaminescalonilla.info\/LaDeliciaDeLosJardines\/ave-y-corbata\/","title":{"rendered":"Ave y corbata"},"content":{"rendered":"\n<p class=\"has-text-align-center\">&#8211; Cap\u00edtulo 06 \/ 21 &#8211;<br>&lt; <a href=\"https:\/\/benjaminescalonilla.info\/LaDeliciaDeLosJardines\/la-chica-de-piel-morena\/\">cap\u00edtulo 05<\/a> | <a href=\"https:\/\/benjaminescalonilla.info\/LaDeliciaDeLosJardines\/chica-rubia\/\">cap\u00edtulo 07<\/a> &gt;<\/p>\n\n\n\n<p class=\"has-drop-cap has-background\" style=\"background-color:#ffffff\">Dentro del jard\u00edn soy hombre paloma; dejo blancas las estatuas, picoteo y ara\u00f1o a quienes mastican carne; les clavo mis ojos peque\u00f1os y sobrevuelo aleteando mi gabardina <a href=\"https:\/\/benjaminescalonilla.info\/LaDeliciaDeLosJardines\/wp-content\/uploads\/2021\/05\/gabardina_marron_p-scaled.jpg\">marr\u00f3n,<\/a> soltando plumas, emitiendo chillidos o graznidos, para luego dar peque\u00f1os rodeos por aqu\u00ed, por all\u00ed, entre gorjeos.<\/p>\n\n\n\n<iframe style=\"border: 0; width: 350px; height: 470px;\" src=\"https:\/\/bandcamp.com\/EmbeddedPlayer\/album=2891212790\/size=large\/bgcol=333333\/linkcol=fe7eaf\/tracklist=false\/track=2595545049\/transparent=true\/\" seamless=\"\"><a href=\"http:\/\/dalecooperquartet.bandcamp.com\/album\/astrild-astrild\">Astrild Astrild by Dale Cooper Quartet<\/a><\/iframe>\n\n\n\n<figure class=\"wp-block-image alignfull size-full\"><img loading=\"lazy\" decoding=\"async\" width=\"2560\" height=\"1674\" src=\"https:\/\/benjaminescalonilla.info\/LaDeliciaDeLosJardines\/wp-content\/uploads\/2020\/04\/EL_carro_de_Heno_Bosco-scaled.jpg\" alt=\"\" class=\"wp-image-268\" srcset=\"https:\/\/benjaminescalonilla.info\/LaDeliciaDeLosJardines\/wp-content\/uploads\/2020\/04\/EL_carro_de_Heno_Bosco-scaled.jpg 2560w, https:\/\/benjaminescalonilla.info\/LaDeliciaDeLosJardines\/wp-content\/uploads\/2020\/04\/EL_carro_de_Heno_Bosco-300x196.jpg 300w, https:\/\/benjaminescalonilla.info\/LaDeliciaDeLosJardines\/wp-content\/uploads\/2020\/04\/EL_carro_de_Heno_Bosco-1024x670.jpg 1024w, https:\/\/benjaminescalonilla.info\/LaDeliciaDeLosJardines\/wp-content\/uploads\/2020\/04\/EL_carro_de_Heno_Bosco-768x502.jpg 768w, https:\/\/benjaminescalonilla.info\/LaDeliciaDeLosJardines\/wp-content\/uploads\/2020\/04\/EL_carro_de_Heno_Bosco-1536x1005.jpg 1536w, https:\/\/benjaminescalonilla.info\/LaDeliciaDeLosJardines\/wp-content\/uploads\/2020\/04\/EL_carro_de_Heno_Bosco-2048x1340.jpg 2048w, https:\/\/benjaminescalonilla.info\/LaDeliciaDeLosJardines\/wp-content\/uploads\/2020\/04\/EL_carro_de_Heno_Bosco-1200x785.jpg 1200w, https:\/\/benjaminescalonilla.info\/LaDeliciaDeLosJardines\/wp-content\/uploads\/2020\/04\/EL_carro_de_Heno_Bosco-1980x1295.jpg 1980w\" sizes=\"auto, (max-width: 2560px) 100vw, 2560px\" \/><figcaption>[<a href=\"https:\/\/www.museodelprado.es\/coleccion\/obra-de-arte\/triptico-del-carro-de-heno\/7673843a-d2b6-497a-ac80-16242b36c3ce\">Tr\u00edptico del Carro de heno, El Bosco, Museo del Prado<\/a>]<\/figcaption><\/figure>\n\n\n\n<div class=\"wp-block-group alignwide\"><div class=\"wp-block-group__inner-container is-layout-flow wp-block-group-is-layout-flow\">\n<div class=\"wp-block-columns are-vertically-aligned-top alignwide has-background is-layout-flex wp-container-core-columns-is-layout-9d6595d7 wp-block-columns-is-layout-flex\" style=\"background-color:#ffffff\">\n<div class=\"wp-block-column is-vertically-aligned-top is-layout-flow wp-block-column-is-layout-flow\">\n<p class=\"has-drop-cap has-background\" style=\"background-color:#ffffff\"><em>Desde lo alto se distingue con claridad un diminuto bicho negro que se contonea con sus seis patas, camino de una mora aplastada<\/em>.<\/p>\n\n\n\n<p class=\"has-background\" style=\"background-color:#ffffff\">\u2026Quien ha descubierto su interior, quien ha comprendido lo que defeca, quien ve la mugre fr\u00eda y se mofa,\u00a0vive en el jard\u00edn abandonando las palabras; y act\u00faa en silencio.<\/p>\n\n\n\n<p class=\"has-background\" style=\"background-color:#ffffff\">\u2014Lanza las s\u00e1banas por la ventana, dej\u00e1ndolas volar, libres.<\/p>\n<\/div>\n\n\n\n<div class=\"wp-block-column is-vertically-aligned-top is-layout-flow wp-block-column-is-layout-flow\">\n<p class=\"has-background\" style=\"background-color:#ffffff\"><em>Un desorientado bicho de caparaz\u00f3n duro \u2014que con sus antenas se cerciora de haberse perdido\u2014, estudia la forma de mofarse interiormente. <\/em><\/p>\n\n\n\n<p class=\"has-background\" style=\"background-color:#ffffff\"><em>Abre su caparaz\u00f3n, despliega cuatro alas y se va.<\/em><\/p>\n\n\n\n<p class=\"has-background\" style=\"background-color:#ffffff\"><em>Aquella gruta gacha de boca estrecha no fue tan oscura y profunda, viscosa y adicta. Daba paso al abismo desmayado dejando escapar un resoplido oscuro y profundo, viscoso y adicto.<\/em> <br><br><em>Escond\u00eda o era el hogar de aquellos bichejos que se ven a veces por el jard\u00edn.<\/em> Fui perseguido.<\/p>\n<\/div>\n<\/div>\n<\/div><\/div>\n\n\n\n<figure class=\"wp-block-image alignwide size-full\"><img loading=\"lazy\" decoding=\"async\" width=\"1350\" height=\"1013\" src=\"https:\/\/benjaminescalonilla.info\/LaDeliciaDeLosJardines\/wp-content\/uploads\/2020\/04\/cap06_mano.jpg\" alt=\"\" class=\"wp-image-484\" srcset=\"https:\/\/benjaminescalonilla.info\/LaDeliciaDeLosJardines\/wp-content\/uploads\/2020\/04\/cap06_mano.jpg 1350w, https:\/\/benjaminescalonilla.info\/LaDeliciaDeLosJardines\/wp-content\/uploads\/2020\/04\/cap06_mano-300x225.jpg 300w, https:\/\/benjaminescalonilla.info\/LaDeliciaDeLosJardines\/wp-content\/uploads\/2020\/04\/cap06_mano-1024x768.jpg 1024w, https:\/\/benjaminescalonilla.info\/LaDeliciaDeLosJardines\/wp-content\/uploads\/2020\/04\/cap06_mano-768x576.jpg 768w, https:\/\/benjaminescalonilla.info\/LaDeliciaDeLosJardines\/wp-content\/uploads\/2020\/04\/cap06_mano-1200x900.jpg 1200w\" sizes=\"auto, (max-width: 1350px) 100vw, 1350px\" \/><\/figure>\n\n\n\n<div class=\"wp-block-group alignfull has-background\" style=\"background-color:#ffffff\"><div class=\"wp-block-group__inner-container is-layout-flow wp-block-group-is-layout-flow\">\n<div class=\"wp-block-columns alignwide is-layout-flex wp-container-core-columns-is-layout-9d6595d7 wp-block-columns-is-layout-flex\">\n<div class=\"wp-block-column is-layout-flow wp-block-column-is-layout-flow\" style=\"flex-basis:37.5%\">\n<figure class=\"wp-block-image size-full\"><img loading=\"lazy\" decoding=\"async\" width=\"394\" height=\"230\" src=\"https:\/\/benjaminescalonilla.info\/LaDeliciaDeLosJardines\/wp-content\/uploads\/2020\/04\/corbata_02-2.png\" alt=\"\" class=\"wp-image-525\" srcset=\"https:\/\/benjaminescalonilla.info\/LaDeliciaDeLosJardines\/wp-content\/uploads\/2020\/04\/corbata_02-2.png 394w, https:\/\/benjaminescalonilla.info\/LaDeliciaDeLosJardines\/wp-content\/uploads\/2020\/04\/corbata_02-2-300x175.png 300w\" sizes=\"auto, (max-width: 394px) 100vw, 394px\" \/><\/figure>\n<\/div>\n\n\n\n<div class=\"wp-block-column is-layout-flow wp-block-column-is-layout-flow\" style=\"flex-basis:62.5%\">\n<p class=\"has-drop-cap\">Saliendo de aquella gruta, perseguido, corr\u00ed con la camisa por fuera, girando la cabeza para verlos acercase, y una s\u00ed y otra tambi\u00e9n, la corbata daba tumbos en cada zancada, enred\u00e1ndose a ambos lados de mi cabeza. Parec\u00eda querer incitar a las huestes con sus movimientos y contorsiones espasm\u00f3dicas. Los ojos me lloraban por la velocidad y el aire fresco de aquellos p\u00e1ramos elevados.<\/p>\n\n\n\n<p><em>Asemej\u00e1base, la corbata negro azabache, a una lengua burlona.&nbsp;<\/em><\/p>\n\n\n\n<p><em>Las diminutas bestias persecutoras eran desigualmente deformes, de ojos albondigosos, y estaban recubiertas de espinas verdes, gruesas, peludas, enanas. Formaban una masa compacta e iban armados con artefactos y atrevidas fauces. En su cuello y cr\u00e1neo, algunos, la mayor\u00eda, presentaban unas rajas de vivo color rojo, semejantes a las branquias de los peces.<\/em> <em>Hu\u00eda como se huye en la pesadilla y en pesadillas anteriores, como la del carro de heno.<\/em><\/p>\n\n\n\n<p class=\"has-drop-cap\">Los diminutos piececillos del grupo ya me daban alcance, pod\u00eda o\u00edrlos jadear. El sudor me empapaba la camisa, que empezaba a deformarse. Encorv\u00e9 mi espalda; surgieron de ella dos prominentes, fuertes alas membranosas; mis ojos obscurecieron, mi nariz se aguz\u00f3, todo mi cuerpo sud\u00f3 una fin\u00edsima sabia-roja que me ba\u00f1aba y te\u00f1ia. Elev\u00e9 un fabuloso vuelo tensando todo el cuerpo; no tard\u00e9 en rozar la punta de las atalayas rosas y azules del jard\u00edn. <\/p>\n\n\n\n<h3 class=\"wp-block-heading\">\u00abSoy hombre paloma\u00bb.<\/h3>\n<\/div>\n<\/div>\n<\/div><\/div>\n\n\n\n<div style=\"height:41px\" aria-hidden=\"true\" class=\"wp-block-spacer\"><\/div>\n\n\n\n<p>En lo m\u00e1s alto del vuelo abr\u00ed los dedos y dej\u00e9 caer un l\u00e1piz al suelo. El l\u00e1piz hizo cabriolas y dio un triple salto mortal. Las huestes se distrajeron con \u00e9l.<\/p>\n\n\n\n<div style=\"height:31px\" aria-hidden=\"true\" class=\"wp-block-spacer\"><\/div>\n\n\n\n<hr class=\"wp-block-separator\"\/>\n\n\n\n<h4 class=\"wp-block-heading\">Obsesi\u00f3n:<\/h4>\n\n\n\n<p>Cuando se tira un l\u00e1piz al suelo, \u00e9ste rebota de forma diferente cada vez.&nbsp;Si lo tir\u00e1semos billones de veces, \u00bfsurgir\u00eda la repetici\u00f3n? \u00bfPodr\u00edamos archivar todos sus posibles rebotes?<\/p>\n\n\n\n<p>\u2014 Tiremos el l\u00e1piz d\u00eda y noche hasta el fin de nuestros d\u00edas. Generaciones venideras continuar\u00e1n nuestra labor; formar\u00e1n el grupo de estudio <em>L\u00e1piz tirado<\/em> y concluir\u00e1n sobre la existencia del destino. Empecemos ma\u00f1ana mismo, o mejor pasado. Grabemos cada ca\u00edda.<br>(A l\u00e1piz por ca\u00edda, resolveremos de un plumazo el mercado lapicero, amenazado por estos tiempos pixel).&nbsp;<\/p>\n\n\n\n<p><em>Espero tu colaboraci\u00f3n.<\/em><\/p>\n\n\n\n<p>Abro mis dedos y dejo caer un l\u00e1piz:<\/p>\n\n\n\n<p><em>vuela sobre s\u00ed mismo, se retuerce como una bailarina menor de edad, tirabuzonea, se deleita en rotaciones, se recrea en sus sonidos puntiagudos, se le rompe la punta negra de grafito.<\/em> Y ya.<\/p>\n\n\n\n<div style=\"height:100px\" aria-hidden=\"true\" class=\"wp-block-spacer\"><\/div>\n\n\n\n<div class=\"wp-block-button\"><a class=\"wp-block-button__link\" href=\"https:\/\/benjaminescalonilla.info\/LaDeliciaDeLosJardines\/chica-rubia\/\">CAP\u00cdTULO 07<\/a><\/div>\n\n\n\n<figure class=\"wp-block-image size-large\"><img loading=\"lazy\" decoding=\"async\" width=\"1024\" height=\"583\" src=\"https:\/\/benjaminescalonilla.info\/LaDeliciaDeLosJardines\/wp-content\/uploads\/2020\/04\/06_huestes-1024x583.png\" alt=\"huestes\" class=\"wp-image-307\" srcset=\"https:\/\/benjaminescalonilla.info\/LaDeliciaDeLosJardines\/wp-content\/uploads\/2020\/04\/06_huestes-1024x583.png 1024w, https:\/\/benjaminescalonilla.info\/LaDeliciaDeLosJardines\/wp-content\/uploads\/2020\/04\/06_huestes-300x171.png 300w, https:\/\/benjaminescalonilla.info\/LaDeliciaDeLosJardines\/wp-content\/uploads\/2020\/04\/06_huestes-768x437.png 768w, https:\/\/benjaminescalonilla.info\/LaDeliciaDeLosJardines\/wp-content\/uploads\/2020\/04\/06_huestes-1200x683.png 1200w, https:\/\/benjaminescalonilla.info\/LaDeliciaDeLosJardines\/wp-content\/uploads\/2020\/04\/06_huestes.png 1350w\" sizes=\"auto, (max-width: 1024px) 100vw, 1024px\" \/><\/figure>\n\n\n\n<hr class=\"wp-block-separator\"\/>\n\n\n\n<p style=\"font-size:16px\">Los textos de este cap\u00edtulo corresponden a <em>M\u00e9t\u00e1fora del miedo<\/em>, un escrito adolescente a boli, que hice, posiblemente, bajo la influencia del cuadro.<\/p>\n","protected":false},"excerpt":{"rendered":"<p>&#8211; Cap\u00edtulo 06 \/ 21 &#8211;&lt; cap\u00edtulo 05 | cap\u00edtulo 07 &gt; Dentro del jard\u00edn soy hombre paloma; dejo blancas las estatuas, picoteo y ara\u00f1o a quienes mastican carne; les clavo mis ojos peque\u00f1os y sobrevuelo aleteando mi gabardina marr\u00f3n, soltando plumas, emitiendo chillidos o graznidos, para luego dar peque\u00f1os rodeos por aqu\u00ed, por all\u00ed, [&hellip;]<\/p>\n","protected":false},"author":1,"featured_media":0,"parent":0,"menu_order":0,"comment_status":"closed","ping_status":"closed","template":"","meta":{"footnotes":""},"class_list":["post-257","page","type-page","status-publish","hentry"],"_links":{"self":[{"href":"https:\/\/benjaminescalonilla.info\/LaDeliciaDeLosJardines\/wp-json\/wp\/v2\/pages\/257","targetHints":{"allow":["GET"]}}],"collection":[{"href":"https:\/\/benjaminescalonilla.info\/LaDeliciaDeLosJardines\/wp-json\/wp\/v2\/pages"}],"about":[{"href":"https:\/\/benjaminescalonilla.info\/LaDeliciaDeLosJardines\/wp-json\/wp\/v2\/types\/page"}],"author":[{"embeddable":true,"href":"https:\/\/benjaminescalonilla.info\/LaDeliciaDeLosJardines\/wp-json\/wp\/v2\/users\/1"}],"replies":[{"embeddable":true,"href":"https:\/\/benjaminescalonilla.info\/LaDeliciaDeLosJardines\/wp-json\/wp\/v2\/comments?post=257"}],"version-history":[{"count":139,"href":"https:\/\/benjaminescalonilla.info\/LaDeliciaDeLosJardines\/wp-json\/wp\/v2\/pages\/257\/revisions"}],"predecessor-version":[{"id":1497,"href":"https:\/\/benjaminescalonilla.info\/LaDeliciaDeLosJardines\/wp-json\/wp\/v2\/pages\/257\/revisions\/1497"}],"wp:attachment":[{"href":"https:\/\/benjaminescalonilla.info\/LaDeliciaDeLosJardines\/wp-json\/wp\/v2\/media?parent=257"}],"curies":[{"name":"wp","href":"https:\/\/api.w.org\/{rel}","templated":true}]}}