{"id":335,"date":"2020-04-23T21:00:03","date_gmt":"2020-04-23T21:00:03","guid":{"rendered":"https:\/\/benjaminescalonilla.info\/LaDeliciaDeLosJardines\/?page_id=335"},"modified":"2021-05-08T10:14:30","modified_gmt":"2021-05-08T10:14:30","slug":"chica-rubia","status":"publish","type":"page","link":"https:\/\/benjaminescalonilla.info\/LaDeliciaDeLosJardines\/chica-rubia\/","title":{"rendered":"Chica rubia"},"content":{"rendered":"\n<p class=\"has-text-align-center\">&#8211; Cap\u00edtulo 07 \/ 21 &#8211;<br>&lt; <a href=\"https:\/\/benjaminescalonilla.info\/LaDeliciaDeLosJardines\/ave-y-corbata\/\">cap\u00edtulo 06<\/a> | <a href=\"https:\/\/benjaminescalonilla.info\/LaDeliciaDeLosJardines\/mi-fracaso\/\">cap\u00edtulo 08<\/a> &gt;<\/p>\n\n\n\n<div class=\"wp-block-group alignfull has-background\" style=\"background-color:#f9d439\"><div class=\"wp-block-group__inner-container is-layout-flow wp-block-group-is-layout-flow\">\n<h3 class=\"wp-block-heading\">Volv\u00ed al tr\u00edptico rozando la mayor\u00eda de edad.<\/h3>\n\n\n\n<p class=\"has-drop-cap\">Fui con una chica rubia, mi pareja de entonces; el caso es que por esto o aquello, cualquier tonter\u00eda, no lo recuerdo bien, rega\u00f1amos delante del tr\u00edptico. La discusi\u00f3n aflor\u00f3 molestias calladas y recuper\u00f3 recriminaciones pasadas, no pudimos pasar de la primera tabla (El jard\u00edn del Ed\u00e9n), que siempre ha sido la que menos me ha atra\u00eddo de las tres, <a href=\"https:\/\/benjaminescalonilla.info\/LaDeliciaDeLosJardines\/wp-content\/uploads\/2020\/05\/El_jardin_del_Eden-scaled.jpg\">\u00bfsab\u00e9is cu\u00e1l, verdad?<\/a>  Me disgusta ese Jes\u00fas que nos mira, ignorando la escena en la que retiene u ofrece a Eva aferr\u00e1ndola por la mu\u00f1eca, mientras a sus pies nos encontramos un Adan anodino, guapo pero en postura simplona \u2014\u00a1esa forma de estirar las piernas!\u2014, artificial, fea, sin hacer otra cosa que mirar, bobalic\u00f3n, a Jes\u00fas. <\/p>\n\n\n\n<p class=\"has-drop-cap\">Es cierto que en esa primera tabla est\u00e1n la fascinante charca inferior y el fascinante lago superior pre-darwiniano, tambi\u00e9n el tambi\u00e9n fascinante mimoide pre-solaris \u2014la atalaya rosa central\u2014, pero aquel d\u00eda era incapaz de verlos, cegado por la mirada del Jes\u00fas directa a mis ojos, su cara borrosa, sus ojos punto-negro, su barba indigna (es lo \u00fanico indefinido en un cuadro de l\u00edneas ultradefinidas)\u2026 Me atormentaba aquel Jes\u00fas imbricado en la discusi\u00f3n con mi pareja rubia (<em>bla bla<\/em>, <em>\u00f1e \u00f1e<\/em>); una discusi\u00f3n que irremisiblemente se emponzo\u00f1aba y nos resbalaba a zonas negras e indefinidas (el peor terreno para discutir); zonas indefinidas como su barba y su mirada negra puntiaguda y nos introduc\u00eda en la gruta:<\/p>\n\n\n\n<p>\u2014Nunca me has querido. <br>\u2014No digas eso.<br>\u2014Has querido al reflejo que ve\u00edas en m\u00ed.<br>\u2014\u00bfEso qu\u00e9 quiere decir?<br>\u2014Que te gusta sentirte querido. Te gusta la estampa de ir de la mano de una chica que te adora. Te gusta o\u00edrte hablar y tener delante ti una cara embelesada.<br>\u2014\u00bfPor qu\u00e9 dices algo tan retorcido? Deja las dichosas clases de sicolog\u00eda.<br>\u2014Crees haberme querido, no digo que no, pero en el fondo lo que buscas es mantener saciado tu ego. Y eso no es amor.<br>\u2014No es as\u00ed.<br>\u2014S\u00ed, es as\u00ed, por eso nunca escuchas; eres infantil hasta m\u00e1s no poder&#8230; &nbsp;\u00bfPor qu\u00e9 tendr\u00e1s estos labios?<br>\u2014.&nbsp;<\/p>\n\n\n\n<p>Quise volar.<\/p>\n\n\n\n<figure class=\"wp-block-image alignwide size-full\"><img loading=\"lazy\" decoding=\"async\" width=\"1200\" height=\"1441\" src=\"https:\/\/benjaminescalonilla.info\/LaDeliciaDeLosJardines\/wp-content\/uploads\/2020\/04\/IMG_0997_cap07-1.jpg\" alt=\"\" class=\"wp-image-348\" srcset=\"https:\/\/benjaminescalonilla.info\/LaDeliciaDeLosJardines\/wp-content\/uploads\/2020\/04\/IMG_0997_cap07-1.jpg 1200w, https:\/\/benjaminescalonilla.info\/LaDeliciaDeLosJardines\/wp-content\/uploads\/2020\/04\/IMG_0997_cap07-1-250x300.jpg 250w, https:\/\/benjaminescalonilla.info\/LaDeliciaDeLosJardines\/wp-content\/uploads\/2020\/04\/IMG_0997_cap07-1-853x1024.jpg 853w, https:\/\/benjaminescalonilla.info\/LaDeliciaDeLosJardines\/wp-content\/uploads\/2020\/04\/IMG_0997_cap07-1-768x922.jpg 768w\" sizes=\"auto, (max-width: 1200px) 100vw, 1200px\" \/><figcaption><em>Nos volvimos a ver, pero aquel d\u00eda delante de la primera tabla del tr\u00edptico, acab\u00f3 nuestra relaci\u00f3n.<\/em><\/figcaption><\/figure>\n<\/div><\/div>\n\n\n\n<div style=\"height:36px\" aria-hidden=\"true\" class=\"wp-block-spacer\"><\/div>\n\n\n\n<div class=\"wp-block-button\"><a class=\"wp-block-button__link\" href=\"https:\/\/benjaminescalonilla.info\/LaDeliciaDeLosJardines\/mi-fracaso\/\">CAP\u00cdTULO 08<\/a><\/div>\n","protected":false},"excerpt":{"rendered":"<p>&#8211; Cap\u00edtulo 07 \/ 21 &#8211;&lt; cap\u00edtulo 06 | cap\u00edtulo 08 &gt; Volv\u00ed al tr\u00edptico rozando la mayor\u00eda de edad. Fui con una chica rubia, mi pareja de entonces; el caso es que por esto o aquello, cualquier tonter\u00eda, no lo recuerdo bien, rega\u00f1amos delante del tr\u00edptico. La discusi\u00f3n aflor\u00f3 molestias calladas y recuper\u00f3 recriminaciones [&hellip;]<\/p>\n","protected":false},"author":1,"featured_media":0,"parent":0,"menu_order":0,"comment_status":"closed","ping_status":"closed","template":"","meta":{"footnotes":""},"class_list":["post-335","page","type-page","status-publish","hentry"],"_links":{"self":[{"href":"https:\/\/benjaminescalonilla.info\/LaDeliciaDeLosJardines\/wp-json\/wp\/v2\/pages\/335","targetHints":{"allow":["GET"]}}],"collection":[{"href":"https:\/\/benjaminescalonilla.info\/LaDeliciaDeLosJardines\/wp-json\/wp\/v2\/pages"}],"about":[{"href":"https:\/\/benjaminescalonilla.info\/LaDeliciaDeLosJardines\/wp-json\/wp\/v2\/types\/page"}],"author":[{"embeddable":true,"href":"https:\/\/benjaminescalonilla.info\/LaDeliciaDeLosJardines\/wp-json\/wp\/v2\/users\/1"}],"replies":[{"embeddable":true,"href":"https:\/\/benjaminescalonilla.info\/LaDeliciaDeLosJardines\/wp-json\/wp\/v2\/comments?post=335"}],"version-history":[{"count":50,"href":"https:\/\/benjaminescalonilla.info\/LaDeliciaDeLosJardines\/wp-json\/wp\/v2\/pages\/335\/revisions"}],"predecessor-version":[{"id":1507,"href":"https:\/\/benjaminescalonilla.info\/LaDeliciaDeLosJardines\/wp-json\/wp\/v2\/pages\/335\/revisions\/1507"}],"wp:attachment":[{"href":"https:\/\/benjaminescalonilla.info\/LaDeliciaDeLosJardines\/wp-json\/wp\/v2\/media?parent=335"}],"curies":[{"name":"wp","href":"https:\/\/api.w.org\/{rel}","templated":true}]}}