{"id":369,"date":"2020-04-24T18:49:47","date_gmt":"2020-04-24T18:49:47","guid":{"rendered":"https:\/\/benjaminescalonilla.info\/LaDeliciaDeLosJardines\/?page_id=369"},"modified":"2020-05-16T14:50:38","modified_gmt":"2020-05-16T14:50:38","slug":"los-petalos-de-la-inmortalidad","status":"publish","type":"page","link":"https:\/\/benjaminescalonilla.info\/LaDeliciaDeLosJardines\/los-petalos-de-la-inmortalidad\/","title":{"rendered":"Los p\u00e9talos de la inmortalidad"},"content":{"rendered":"\n<p class=\"has-text-align-center\">&#8211;  Cap\u00edtulo 09 \/ 21 &#8211;<br>&lt; <a href=\"https:\/\/benjaminescalonilla.info\/LaDeliciaDeLosJardines\/mi-fracaso\/\">cap\u00edtulo 08<\/a> | <a href=\"https:\/\/benjaminescalonilla.info\/LaDeliciaDeLosJardines\/chica-rubia_2\/\">cap\u00edtulo 10<\/a> ><\/p>\n\n\n\n<p class=\"has-drop-cap\">(La inmortalidad del l\u00e1piz cayendo acabar\u00eda con la culminaci\u00f3n de la serie: si se produjese un registro completo que abarcase la totalidad de posibles ca\u00eddas, \u00e9sta se volver\u00eda finita y por lo tanto ef\u00edmera. El l\u00e1piz cayendo (ya) estar\u00eda repetido).<img loading=\"lazy\" decoding=\"async\" width=\"150\" height=\"17\" class=\"wp-image-413\" style=\"width: 150px;\" src=\"https:\/\/benjaminescalonilla.info\/LaDeliciaDeLosJardines\/wp-content\/uploads\/2020\/04\/lapiz.png\" alt=\"\" srcset=\"https:\/\/benjaminescalonilla.info\/LaDeliciaDeLosJardines\/wp-content\/uploads\/2020\/04\/lapiz.png 412w, https:\/\/benjaminescalonilla.info\/LaDeliciaDeLosJardines\/wp-content\/uploads\/2020\/04\/lapiz-300x33.png 300w\" sizes=\"auto, (max-width: 150px) 100vw, 150px\" \/><\/p>\n\n\n\n<div class=\"wp-block-group alignfull has-background\" style=\"background-color:#ffffff\"><div class=\"wp-block-group__inner-container is-layout-flow wp-block-group-is-layout-flow\">\n<figure class=\"wp-block-image size-large is-style-default\"><img loading=\"lazy\" decoding=\"async\" width=\"258\" height=\"254\" src=\"https:\/\/benjaminescalonilla.info\/LaDeliciaDeLosJardines\/wp-content\/uploads\/2020\/05\/ave_treicefala-1.jpg\" alt=\"\" class=\"wp-image-1023\"\/><\/figure>\n\n\n\n<p class=\"has-drop-cap\">De espaldas, picoteando los p\u00e9talos de una indescriptible pompa florida, un ave tric\u00e9fala me rega\u00f1a con sus picos llenos. A sus pies descansa el \u00faltimo l\u00e1piz tirado sin repetici\u00f3n previa.<\/p>\n\n\n\n<div class=\"wp-block-columns is-layout-flex wp-container-core-columns-is-layout-9d6595d7 wp-block-columns-is-layout-flex\">\n<div class=\"wp-block-column is-layout-flow wp-block-column-is-layout-flow\">\n<p>\u2014No es la inmortalidad la b\u00fasqueda, <br> sino entrar en el jard\u00edn \u2014dice, y sigue picoteando p\u00e9talos. <\/p>\n\n\n\n<p>\u2014En el fracaso tambi\u00e9n hay l\u00edrica \u2014a\u00f1ade otra de sus cabezas.<\/p>\n\n\n\n<figure class=\"wp-block-image size-large is-style-default\"><img loading=\"lazy\" decoding=\"async\" width=\"258\" height=\"254\" src=\"https:\/\/benjaminescalonilla.info\/LaDeliciaDeLosJardines\/wp-content\/uploads\/2020\/05\/pompa_florida-1.jpg\" alt=\"\" class=\"wp-image-1020\"\/><\/figure>\n<\/div>\n\n\n\n<div class=\"wp-block-column is-layout-flow wp-block-column-is-layout-flow\">\n<figure class=\"wp-block-image size-full is-style-default\"><img loading=\"lazy\" decoding=\"async\" width=\"146\" height=\"434\" src=\"https:\/\/benjaminescalonilla.info\/LaDeliciaDeLosJardines\/wp-content\/uploads\/2020\/04\/CAP_09_jepe.png\" alt=\"\" class=\"wp-image-374\" srcset=\"https:\/\/benjaminescalonilla.info\/LaDeliciaDeLosJardines\/wp-content\/uploads\/2020\/04\/CAP_09_jepe.png 146w, https:\/\/benjaminescalonilla.info\/LaDeliciaDeLosJardines\/wp-content\/uploads\/2020\/04\/CAP_09_jepe-101x300.png 101w\" sizes=\"auto, (max-width: 146px) 100vw, 146px\" \/><\/figure>\n<\/div>\n<\/div>\n\n\n\n<p class=\"has-drop-cap\">Como reacci\u00f3n a estas m\u00e1ximas, del vientre carcomido de la pompa florida \u2014infecta y mugrienta\u2014, surgen Jepes (bichejos minerovegetales). Sus ojos \u2014diminutos puntos negros\u2014son su alimento; se devoran unos a otros ceg\u00e1ndose, en escaramuzas oscuras, palpando, evidenciando el fracaso al fin y al cabo.<\/p>\n\n\n\n<p>\u2014Busca tu jard\u00edn \u2014insiste el ave\u2014. Porque de esto no se duda, hay un jard\u00edn por cada uno de nosotros.<\/p>\n\n\n\n<p>\u2014Desenfoca la vista de tal forma que izquierda y derecha se comiencen a mover hacia el centro \u2014me trina a modo de instrucciones la tercera cabeza\u2014, como si se tratase de enfocar un objeto que est\u00e1 mucho m\u00e1s lejos que la imagen.<\/p>\n\n\n\n<p>En el fondo, el jard\u00edn es un estereograma.<\/p>\n\n\n\n<div class=\"wp-block-group alignfull\"><div class=\"wp-block-group__inner-container is-layout-flow wp-block-group-is-layout-flow\">\n<figure class=\"wp-block-image alignwide size-full\"><img loading=\"lazy\" decoding=\"async\" width=\"984\" height=\"350\" src=\"https:\/\/benjaminescalonilla.info\/LaDeliciaDeLosJardines\/wp-content\/uploads\/2020\/04\/delicia.png\" alt=\"\" class=\"wp-image-384\" srcset=\"https:\/\/benjaminescalonilla.info\/LaDeliciaDeLosJardines\/wp-content\/uploads\/2020\/04\/delicia.png 984w, https:\/\/benjaminescalonilla.info\/LaDeliciaDeLosJardines\/wp-content\/uploads\/2020\/04\/delicia-300x107.png 300w, https:\/\/benjaminescalonilla.info\/LaDeliciaDeLosJardines\/wp-content\/uploads\/2020\/04\/delicia-768x273.png 768w\" sizes=\"auto, (max-width: 984px) 100vw, 984px\" \/><\/figure>\n<\/div><\/div>\n<\/div><\/div>\n\n\n\n<div class=\"wp-block-button\"><a class=\"wp-block-button__link\" href=\"https:\/\/benjaminescalonilla.info\/LaDeliciaDeLosJardines\/chica-rubia_2\/\">CAP\u00cdTULO 10<\/a><\/div>\n\n\n\n<figure class=\"wp-block-image size-large\"><img loading=\"lazy\" decoding=\"async\" width=\"193\" height=\"670\" src=\"https:\/\/benjaminescalonilla.info\/LaDeliciaDeLosJardines\/wp-content\/uploads\/2020\/04\/CAP_09_jepe2.png\" alt=\"\" class=\"wp-image-375\" srcset=\"https:\/\/benjaminescalonilla.info\/LaDeliciaDeLosJardines\/wp-content\/uploads\/2020\/04\/CAP_09_jepe2.png 193w, https:\/\/benjaminescalonilla.info\/LaDeliciaDeLosJardines\/wp-content\/uploads\/2020\/04\/CAP_09_jepe2-86x300.png 86w\" sizes=\"auto, (max-width: 193px) 100vw, 193px\" \/><\/figure>\n\n\n\n<figure class=\"wp-block-image size-full is-style-default\"><img loading=\"lazy\" decoding=\"async\" width=\"258\" height=\"254\" src=\"https:\/\/benjaminescalonilla.info\/LaDeliciaDeLosJardines\/wp-content\/uploads\/2020\/05\/pato_lector.jpg\" alt=\"\" class=\"wp-image-1024\"\/><figcaption><em>Los tres motivos de este cap\u00edtulo, incluyendo este Pato-sirena-lector, son de El jard\u00edn de las delicias de El Bosco<\/em>.<\/figcaption><\/figure>\n","protected":false},"excerpt":{"rendered":"<p>&#8211; Cap\u00edtulo 09 \/ 21 &#8211;&lt; cap\u00edtulo 08 | cap\u00edtulo 10 > (La inmortalidad del l\u00e1piz cayendo acabar\u00eda con la culminaci\u00f3n de la serie: si se produjese un registro completo que abarcase la totalidad de posibles ca\u00eddas, \u00e9sta se volver\u00eda finita y por lo tanto ef\u00edmera. El l\u00e1piz cayendo (ya) estar\u00eda repetido). De espaldas, picoteando [&hellip;]<\/p>\n","protected":false},"author":1,"featured_media":0,"parent":0,"menu_order":0,"comment_status":"closed","ping_status":"closed","template":"","meta":{"footnotes":""},"class_list":["post-369","page","type-page","status-publish","hentry"],"_links":{"self":[{"href":"https:\/\/benjaminescalonilla.info\/LaDeliciaDeLosJardines\/wp-json\/wp\/v2\/pages\/369","targetHints":{"allow":["GET"]}}],"collection":[{"href":"https:\/\/benjaminescalonilla.info\/LaDeliciaDeLosJardines\/wp-json\/wp\/v2\/pages"}],"about":[{"href":"https:\/\/benjaminescalonilla.info\/LaDeliciaDeLosJardines\/wp-json\/wp\/v2\/types\/page"}],"author":[{"embeddable":true,"href":"https:\/\/benjaminescalonilla.info\/LaDeliciaDeLosJardines\/wp-json\/wp\/v2\/users\/1"}],"replies":[{"embeddable":true,"href":"https:\/\/benjaminescalonilla.info\/LaDeliciaDeLosJardines\/wp-json\/wp\/v2\/comments?post=369"}],"version-history":[{"count":44,"href":"https:\/\/benjaminescalonilla.info\/LaDeliciaDeLosJardines\/wp-json\/wp\/v2\/pages\/369\/revisions"}],"predecessor-version":[{"id":1402,"href":"https:\/\/benjaminescalonilla.info\/LaDeliciaDeLosJardines\/wp-json\/wp\/v2\/pages\/369\/revisions\/1402"}],"wp:attachment":[{"href":"https:\/\/benjaminescalonilla.info\/LaDeliciaDeLosJardines\/wp-json\/wp\/v2\/media?parent=369"}],"curies":[{"name":"wp","href":"https:\/\/api.w.org\/{rel}","templated":true}]}}