{"id":679,"date":"2020-05-04T17:33:26","date_gmt":"2020-05-04T17:33:26","guid":{"rendered":"https:\/\/benjaminescalonilla.info\/LaDeliciaDeLosJardines\/?page_id=679"},"modified":"2020-05-16T13:06:49","modified_gmt":"2020-05-16T13:06:49","slug":"135_1","status":"publish","type":"page","link":"https:\/\/benjaminescalonilla.info\/LaDeliciaDeLosJardines\/135_1\/","title":{"rendered":"13,5_1"},"content":{"rendered":"\n<p class=\"has-text-align-center\">&#8211; Cap\u00edtulo 13,5 (1) \/ 21 &#8211; <\/p>\n\n\n\n<div class=\"wp-block-group has-background\" style=\"background-color:#51f31f\"><div class=\"wp-block-group__inner-container is-layout-flow wp-block-group-is-layout-flow\">\n<p class=\"has-drop-cap\">El hombre con sombrero de p\u00e1jaro piensa igual que t\u00fa. Esa misma noche, entre cantos de b\u00faho, se lo confiesa a su pareja. Nada m\u00e1s decirlo siente que se ha quitado un peso. La sensaci\u00f3n sigue ah\u00ed, pero compartirla es repartir la carga. Ha sido un acierto dec\u00edrselo \u2014piensa\u2014, pues ella muestra preocupaci\u00f3n y le dedica amables palabras de \u00e1nimo. <\/p>\n\n\n\n<p>No sab\u00eda si deb\u00eda hacerte part\u00edcipe de mi pesar.<\/p>\n\n\n\n<p>Claro que s\u00ed. Qu\u00e9 tonto eres, haberte guardado todo este tiempo algo as\u00ed, le dice ella. \u00c9l piensa lo mismo. Ha sido una tonter\u00eda no compartirlo. Se ha quitado parte del peso de encima. Se siente mejor.<\/p>\n\n\n\n<p>Exactamente a los 45 d\u00edas de su confesi\u00f3n, cuando mejor se encuentra (dentro de su decaimiento), ella le desprecia, le recrimina su cara mustia y el ir y venir con aire deprimido por la casa. 5 d\u00edas despu\u00e9s se separa de su pareja o mejor dicho, su pareja se separa de \u00e9l.<\/p>\n<\/div><\/div>\n\n\n\n<div class=\"wp-block-buttons is-layout-flex wp-block-buttons-is-layout-flex\">\n<div class=\"wp-block-button\"><a class=\"wp-block-button__link\" href=\"https:\/\/benjaminescalonilla.info\/LaDeliciaDeLosJardines\/garza-blanca\/\">CAP\u00cdTULO 14<\/a><\/div>\n<\/div>\n","protected":false},"excerpt":{"rendered":"<p>&#8211; Cap\u00edtulo 13,5 (1) \/ 21 &#8211; El hombre con sombrero de p\u00e1jaro piensa igual que t\u00fa. Esa misma noche, entre cantos de b\u00faho, se lo confiesa a su pareja. Nada m\u00e1s decirlo siente que se ha quitado un peso. La sensaci\u00f3n sigue ah\u00ed, pero compartirla es repartir la carga. Ha sido un acierto dec\u00edrselo [&hellip;]<\/p>\n","protected":false},"author":1,"featured_media":0,"parent":0,"menu_order":0,"comment_status":"closed","ping_status":"closed","template":"","meta":{"footnotes":""},"class_list":["post-679","page","type-page","status-publish","hentry"],"_links":{"self":[{"href":"https:\/\/benjaminescalonilla.info\/LaDeliciaDeLosJardines\/wp-json\/wp\/v2\/pages\/679","targetHints":{"allow":["GET"]}}],"collection":[{"href":"https:\/\/benjaminescalonilla.info\/LaDeliciaDeLosJardines\/wp-json\/wp\/v2\/pages"}],"about":[{"href":"https:\/\/benjaminescalonilla.info\/LaDeliciaDeLosJardines\/wp-json\/wp\/v2\/types\/page"}],"author":[{"embeddable":true,"href":"https:\/\/benjaminescalonilla.info\/LaDeliciaDeLosJardines\/wp-json\/wp\/v2\/users\/1"}],"replies":[{"embeddable":true,"href":"https:\/\/benjaminescalonilla.info\/LaDeliciaDeLosJardines\/wp-json\/wp\/v2\/comments?post=679"}],"version-history":[{"count":15,"href":"https:\/\/benjaminescalonilla.info\/LaDeliciaDeLosJardines\/wp-json\/wp\/v2\/pages\/679\/revisions"}],"predecessor-version":[{"id":1351,"href":"https:\/\/benjaminescalonilla.info\/LaDeliciaDeLosJardines\/wp-json\/wp\/v2\/pages\/679\/revisions\/1351"}],"wp:attachment":[{"href":"https:\/\/benjaminescalonilla.info\/LaDeliciaDeLosJardines\/wp-json\/wp\/v2\/media?parent=679"}],"curies":[{"name":"wp","href":"https:\/\/api.w.org\/{rel}","templated":true}]}}